z) - 13*y(z). Let d be i(-9). Suppose -527 = -5*j + d. List the prime factors of j.
2, 3, 7
Let q = -67 - -163. What are the prime factors of (-116)/2*(-1296)/q?
3, 29
Let t be (-3)/((-36)/16*(-2)/(-6)). Suppose 2*z - 672 = -2*g, 14*g - 1368 = -t*z + 18*g. What are the prime factors of z?
3, 113
Let x be -48 + -6 + 1*-2. Let h be (4/(40/15))/((-6)/x). Let i(f) = f**2 + 5*f - 50. What are the prime factors of i(h)?
2, 3
Suppose 5*r = 5*b - 5 - 20, 5 = b + 5*r. What are the prime factors of b/(3*1/99)?
3, 5, 11
Let v(p) = -47*p + 53. Let u be v(4). What are the prime factors of u/(-81) + 4045/3?
2, 3, 5
Suppose 37*w - 2*w = -142164 + 832644. What are the prime factors of w?
2, 3, 137
Suppose 3*g - 1851 = -3*d, 10*d - 619 = -g + 8*d. List the prime factors of g.
3, 5, 41
Let j = 4157 + -2064. Suppose -19*t + j = -20859. What are the prime factors of t?
2, 151
Let a be (4/3)/(68/29070). Suppose 2*b - a - 558 = 0. What are the prime factors of b?
2, 3, 47
Let x be 8/10*(2 - 12/(-4)). Suppose q = -q + w + 1, -x*w - 4 = -q. Suppose -344 = -0*v - 3*v + 2*c, q = -5*c - 20. List the prime factors of v.
2, 7
Suppose 0 = -r - 50*p + 44*p + 28, -3*r + 222 = -5*p. List the prime factors of r.
2
Let u be 2574/462 - 4/7. Suppose -5*n + 416 = w, 8*n = w + u*n - 424. What are the prime factors of w?
421
Let m = -3390 + 6745. What are the prime factors of m?
5, 11, 61
Suppose 40*v - 36*v - 96916 = -p, p + 96916 = 4*v. What are the prime factors of v?
24229
Suppose -619*q + 565*q + 1678158 = 0. What are the prime factors of q?
3, 1151
Suppose -4*v - 470 = 5*k - 1502, -k = 5*v - 1269. Suppose -2*u + v = -77. Suppose u = 4*s - 343. What are the prime factors of s?
127
Let f(g) = 777*g**2 - 5*g - 6. Let d be (12/96)/(1/(-8)). List the prime factors of f(d).
2, 97
Suppose -4*f + 31 = -73. Let h = -30 + f. Let n(v) = -2*v**3 - 8*v**2 - v + 4. List the prime factors of n(h).
2
Let j(i) = i**2 - 15*i + 28. Let o be j(13). Suppose 41 = -o*a - 65. List the prime factors of 7*(a/(-28) + -2)*-72.
2, 3
Let z(k) = -13*k**2 + 3*k + 52. Let l(h) = -6*h**2 + h + 26. Suppose -27 = -19*a + 22*a. Let n(g) = a*l(g) + 4*z(g). List the prime factors of n(8).
2, 3, 7
List the prime factors of 0 - 12/14 - (-342515072)/15701.
2, 13, 839
Let b(v) = 645*v**2 - 138*v + 512. What are the prime factors of b(4)?
2, 5, 257
Let m(t) = 5*t**3 - t**2 - 2*t + 21. Suppose -20 = 3*s - 8*s. List the prime factors of m(s).
317
Suppose 306 = -5*y - 13*y. Let b = y - -4. List the prime factors of (-324)/(-78) + 2/b.
2
Suppose -30*b = -25*b - 3*k - 38985, b - 3*k = 7809. List the prime factors of b.
2, 3, 433
Suppose 3*b + 13 = -2*s - 19, -4*b - s - 46 = 0. Let u be -12*(2 + (-8)/b + -3). Suppose -46 = -u*o + 5*l, -4*l + 64 = 4*o - 0*o. List the prime factors of o.
2, 7
Suppose 58 = -3*l + 82. Suppose -439 = -l*x - 71. List the prime factors of x.
2, 23
List the prime factors of (-469875)/(-300) + (-22)/(-8) + -3.
2, 3, 29
Suppose 0 = 5*w - 15, -2*j - w + 159 = 4*w. Let y(p) = 2*p - 2. Let q be y(15). Suppose -2*h + q = -j. List the prime factors of h.
2, 5
Let d(n) = 123*n**2 - 173*n - 1168. List the prime factors of d(-7).
2, 5, 607
Suppose 21*q = -3*y + 23*q + 342, 0 = -2*q. Suppose -2*o + y + 348 = 0. What are the prime factors of o?
3, 7, 11
Suppose -7*m - 2*m = -42*m + 1432398. List the prime factors of m.
2, 11, 1973
Suppose 131*o = 195108 + 1862902. List the prime factors of o.
2, 5, 1571
Let t = -6395 - -16056. List the prime factors of t.
9661
Suppose 3*v - 1641 = -2*o, o - 872 = 2*v - 34. Let k = o + -657. List the prime factors of k.
3, 19
Let c(w) = 3*w**3 - 103*w**2 + 78*w + 88. List the prime factors of c(34).
2, 3, 11
Suppose -1146870 = -185*h + 80*h + 1069890. What are the prime factors of h?
2, 7, 13, 29
Let f = 4452 + -1848. Let u = f - 1515. What are the prime factors of u?
3, 11
Suppose 26 = 3*m + 5*g, -3*m - 2*g - g + 18 = 0. Suppose n - 56 = -2*z, z + z - m*n - 44 = 0. List the prime factors of z.
2, 13
Let w(n) = 14*n**2 - 29*n + 1696. List the prime factors of w(-48).
2, 47
Let d(t) = -3*t**3 - 135*t**2 + 282*t - 388. Let r(q) = -q**3 - 45*q**2 + 94*q - 130. Let z(j) = -3*d(j) + 8*r(j). List the prime factors of z(-47).
2, 31
Let l be (4/4)/((-3)/(-66)). Let n = 189 - l. What are the prime factors of n?
167
Let v(t) = 7*t**3 - 6*t - 22. Let z be v(-5). Let k = z - -1871. What are the prime factors of k?
2, 251
Suppose -f = y - 27, 3*f - 2*f = y - 19. Let j = y - 18. Suppose 60 + 5 = j*o. What are the prime factors of o?
13
Suppose -2104*d - 21 = -2101*d, 2*b - 5*d - 22601 = 0. What are the prime factors of b?
3, 3761
Let q(x) = 219*x**2 - 196*x + 1613. What are the prime factors of q(8)?
3, 43, 109
Let v(o) be the first derivative of o**4/4 - 8*o**3/3 + o**2/2 - o - 2. Suppose -2*y + 43*i = 42*i - 16, -5*i = -2*y + 8. What are the prime factors of v(y)?
89
Let t(q) = 62*q + 167. Let p be t(-8). Let b = p + 899. What are the prime factors of b?
2, 3, 5, 19
Let x(t) = 22*t + 17 - 30*t + 13*t. Let k(a) = -6*a - 17. Let y(p) = 6*k(p) + 5*x(p). List the prime factors of y(-3).
2
Let w be 4/(-10) + (-170)/(-50). Suppose 6*i = -w - 9. List the prime factors of (9/i)/((-2)/4).
3
Suppose 16392 = -s + 12*s + 4039. What are the prime factors of s?
1123
Let p = -12251 - -17589. What are the prime factors of p?
2, 17, 157
Suppose 49*b - 21*b + 0*b = 12096. List the prime factors of b.
2, 3
List the prime factors of ((-1205)/10)/(9 - (-26543)/(-2948)).
2, 67, 241
Suppose -x - 35*r + 33*r = -52346, -4*r - 157008 = -3*x. List the prime factors of x.
2, 5, 2617
Suppose 0 = x - 5*y, x = -2*x - 4*y. Suppose x = u - 0 - 4. Let g = u + 34. List the prime factors of g.
2, 19
Let u(p) = 55*p**3 - 3*p**2 + 4. Let c = 22 - 20. What are the prime factors of u(c)?
2, 3
Let s(k) = 3*k**2 + 15*k - 25. Let q be 6/(-9) - 308/(-12). Suppose -5*o - 100 = -5*y - q, -2*o = 3*y + 10. List the prime factors of s(o).
173
Let n = -77 - -74. List the prime factors of 398 - (7 - 4)/n.
3, 7, 19
Let t(g) = 2159*g + 182. List the prime factors of t(10).
2, 5443
Suppose -t - 3724 = -2*f, 1 = -3*t + 19. List the prime factors of f.
5, 373
Let k = -23 + 25. Suppose -3*s - 6 = 3*l, k*s + 0*s = -l. What are the prime factors of ((-27)/2)/(l/(20 + 4))?
3
Let x(c) = 157*c**2 + 2*c - 4. Let w be x(1). Suppose -444 = -k - l - w, 1453 = 5*k - 3*l. List the prime factors of k.
2, 5, 29
Suppose -31*g - 1050 = -21*g. Let f = g - -198. What are the prime factors of f?
3, 31
Suppose 0 = 19*v - 15*v - 3596. Let r = v - 486. List the prime factors of r.
7, 59
Let x = 396 - 396. Suppose d + 5*k - 9*k - 330 = x, 5*k = -4*d + 1320. List the prime factors of d.
2, 3, 5, 11
Let k = 2750 - -9542. What are the prime factors of k?
2, 7, 439
Suppose -6*j + 2*j = -624. Let o = j - 110. Suppose f = 3*f - o. What are the prime factors of f?
23
Let l = -638 - -673. Suppose 43*w - 1952 = l*w. What are the prime factors of w?
2, 61
Suppose 13299*z - 13317*z + 137688 = -111378. List the prime factors of z.
101, 137
Let l(v) = 2*v**3 - 41*v**2 - 19*v - 42. Let d be l(21). Suppose d = -5*n - 3*f + 1428, 11*f = 2*n + 13*f - 572. What are the prime factors of n?
3, 5, 19
Let l be -3 - ((-290)/4 - (-6)/12). Suppose -l*w + 70*w = 2. Suppose -7*u + 72 = w*u. List the prime factors of u.
2
Let j be 2/4 - 26/4. Let w = 12 + j. What are the prime factors of 90 + (w - (4 - 0))?
2, 23
What are the prime factors of (20240 - 1) + (82 - 75)?
2, 53, 191
Suppose 254*u - 224*u = 273240. What are the prime factors of u?
2, 3, 11, 23
Let i(a) = 4*a**2 + 20*a + 4. Let p be i(-5). Suppose -4*k = k + j - 29, p*j = 4*k - 28. List the prime factors of k/(-10) + 1 + (-1016)/(-10).
2, 3, 17
Let d = 829 - 823. Suppose r - d*r + n = -8090, 4*r - n - 6471 = 0. What are the prime factors of r?
1619
Let z be (3 - 10) + 3 + 6. Let m(u) = 32*u**3 - 3*u**2 - 4*u + 3. What are the prime factors of m(z)?
239
Suppose -51254 = -52*y + 343946. What are the prime factors of y?
2, 5, 19
Let j be -1 + (31 - (-2 - -1)). Suppose 0 = 36*u - j*u - 340. What are the prime factors of u?
2, 17
Let x be 22/(-33) + 14/(-6). List the prime factors of x/((-18)/3)*(256 + 8).
2, 3, 11
Suppose 13*d - 24*d + 22 = 0. Suppose d*t = 15*t - 923. List the prime factors of t.
71
Let m = 1781 + -112. What are the p